{"id":42,"date":"2025-01-10T16:42:16","date_gmt":"2025-01-10T14:42:16","guid":{"rendered":"https:\/\/weischet.de\/?page_id=42"},"modified":"2025-01-10T16:43:04","modified_gmt":"2025-01-10T14:43:04","slug":"impressum","status":"publish","type":"page","link":"https:\/\/weischet.de\/?page_id=42","title":{"rendered":"Impressum"},"content":{"rendered":"\n<p>Markus Weischet<br>Tiefer Pfad 8<br>45657 Recklinghausen<br>E-Mail: <a href=\"https:\/\/weischet.de\/?page_id=29\" data-type=\"page\" data-id=\"29\">Kontaktformular<\/a><br>Internet: www.Weischet.de<br>Telefon: +49 (0) 2361 302 68 16<br><\/p>\n\n\n\n<p>Bitte beachten Sie folgende berufsrechtliche Hinweise:<\/p>\n\n\n\n<p>Die Texte auf dieser Website enthalten ausschlie\u00dflich allgemeine Informationen. Trotz gr\u00f6\u00dftm\u00f6glicher Sorgfalt bei der Recherche k\u00f6nnen wir keine Haftung f\u00fcr deren Richtigkeit, Einschl\u00e4gigkeit, Vollst\u00e4ndigkeit und Aktualit\u00e4t \u00fcbernehmen.<br>Wir behalten uns das Recht vor, die auf dieser Website angebotenen Informationen ohne gesonderte Ank\u00fcndigung jederzeit zu ver\u00e4ndern oder zu aktualisieren.<\/p>\n\n\n\n<p>F\u00fcr gegebenenfalls bestehende oder k\u00fcnftig entstehende Rechtsverh\u00e4ltnisse ist ausschlie\u00dflich deutsches Recht anwendbar und sind nur deutsche Gerichte zust\u00e4ndig.<\/p>\n\n\n\n<p>Vertrauliche Informationen sollten Sie uns nicht im Internet senden, da unbefugte Zugriffe nicht ausgeschlossen sind. F\u00fcr den Inhalt dieser und der folgenden Seiten behalten wir uns alle Rechte vor.<\/p>\n\n\n\n<p>Diese Website enth\u00e4lt Links auf Websites, die von Dritten eingerichtet wurden. Die Inhalte externer Links werden von uns nicht gepr\u00fcft. Sie unterliegen der Haftung der jeweiligen Anbieter.<\/p>\n\n\n\n<p>Unternehmensangaben nach \u00a7 6 Teledienstegesetz (TDG) in der Fassung des Gesetzes \u00fcber rechtliche Rahmenbedingungen f\u00fcr den elektronischen Gesch\u00e4ftsverkehr vom 20. Dezember 2001:<\/p>\n","protected":false},"excerpt":{"rendered":"<p>Markus WeischetTiefer Pfad 845657 RecklinghausenE-Mail: KontaktformularInternet: www.Weischet.deTelefon: +49 (0) 2361 302 68 16 Bitte beachten Sie folgende berufsrechtliche Hinweise: Die Texte auf dieser Website enthalten ausschlie\u00dflich allgemeine Informationen. Trotz gr\u00f6\u00dftm\u00f6glicher Sorgfalt bei der Recherche k\u00f6nnen wir keine Haftung f\u00fcr deren Richtigkeit, Einschl\u00e4gigkeit, Vollst\u00e4ndigkeit und Aktualit\u00e4t \u00fcbernehmen.Wir behalten uns das Recht vor, die auf dieser Website [&hellip;]<\/p>\n","protected":false},"author":1,"featured_media":0,"parent":0,"menu_order":0,"comment_status":"closed","ping_status":"closed","template":"","meta":{"site-sidebar-layout":"default","site-content-layout":"","ast-site-content-layout":"default","site-content-style":"default","site-sidebar-style":"default","ast-global-header-display":"","ast-banner-title-visibility":"","ast-main-header-display":"","ast-hfb-above-header-display":"","ast-hfb-below-header-display":"","ast-hfb-mobile-header-display":"","site-post-title":"","ast-breadcrumbs-content":"","ast-featured-img":"","footer-sml-layout":"","ast-disable-related-posts":"","theme-transparent-header-meta":"","adv-header-id-meta":"","stick-header-meta":"","header-above-stick-meta":"","header-main-stick-meta":"","header-below-stick-meta":"","astra-migrate-meta-layouts":"set","ast-page-background-enabled":"default","ast-page-background-meta":{"desktop":{"background-color":"","background-image":"","background-repeat":"repeat","background-position":"center center","background-size":"auto","background-attachment":"scroll","background-type":"","background-media":"","overlay-type":"","overlay-color":"","overlay-opacity":"","overlay-gradient":""},"tablet":{"background-color":"","background-image":"","background-repeat":"repeat","background-position":"center center","background-size":"auto","background-attachment":"scroll","background-type":"","background-media":"","overlay-type":"","overlay-color":"","overlay-opacity":"","overlay-gradient":""},"mobile":{"background-color":"","background-image":"","background-repeat":"repeat","background-position":"center center","background-size":"auto","background-attachment":"scroll","background-type":"","background-media":"","overlay-type":"","overlay-color":"","overlay-opacity":"","overlay-gradient":""}},"ast-content-background-meta":{"desktop":{"background-color":"var(--ast-global-color-5)","background-image":"","background-repeat":"repeat","background-position":"center center","background-size":"auto","background-attachment":"scroll","background-type":"","background-media":"","overlay-type":"","overlay-color":"","overlay-opacity":"","overlay-gradient":""},"tablet":{"background-color":"var(--ast-global-color-5)","background-image":"","background-repeat":"repeat","background-position":"center center","background-size":"auto","background-attachment":"scroll","background-type":"","background-media":"","overlay-type":"","overlay-color":"","overlay-opacity":"","overlay-gradient":""},"mobile":{"background-color":"var(--ast-global-color-5)","background-image":"","background-repeat":"repeat","background-position":"center center","background-size":"auto","background-attachment":"scroll","background-type":"","background-media":"","overlay-type":"","overlay-color":"","overlay-opacity":"","overlay-gradient":""}},"footnotes":""},"class_list":["post-42","page","type-page","status-publish","hentry"],"_links":{"self":[{"href":"https:\/\/weischet.de\/index.php?rest_route=\/wp\/v2\/pages\/42","targetHints":{"allow":["GET"]}}],"collection":[{"href":"https:\/\/weischet.de\/index.php?rest_route=\/wp\/v2\/pages"}],"about":[{"href":"https:\/\/weischet.de\/index.php?rest_route=\/wp\/v2\/types\/page"}],"author":[{"embeddable":true,"href":"https:\/\/weischet.de\/index.php?rest_route=\/wp\/v2\/users\/1"}],"replies":[{"embeddable":true,"href":"https:\/\/weischet.de\/index.php?rest_route=%2Fwp%2Fv2%2Fcomments&post=42"}],"version-history":[{"count":2,"href":"https:\/\/weischet.de\/index.php?rest_route=\/wp\/v2\/pages\/42\/revisions"}],"predecessor-version":[{"id":44,"href":"https:\/\/weischet.de\/index.php?rest_route=\/wp\/v2\/pages\/42\/revisions\/44"}],"wp:attachment":[{"href":"https:\/\/weischet.de\/index.php?rest_route=%2Fwp%2Fv2%2Fmedia&parent=42"}],"curies":[{"name":"wp","href":"https:\/\/api.w.org\/{rel}","templated":true}]}}